{"id":477,"date":"2019-11-20T10:50:40","date_gmt":"2019-11-20T15:50:40","guid":{"rendered":"https:\/\/valvparts.com\/wpmocha\/?page_id=477"},"modified":"2019-11-22T18:16:15","modified_gmt":"2019-11-22T23:16:15","slug":"servicios","status":"publish","type":"page","link":"https:\/\/valvparts.com\/wpmocha\/servicios\/","title":{"rendered":"Servicios"},"content":{"rendered":"<div id=\"pl-477\"  class=\"panel-layout\" ><div id=\"pg-477-0\"  class=\"panel-grid panel-no-style\" ><div id=\"pgc-477-0-0\"  class=\"panel-grid-cell\" ><div id=\"panel-477-0-0-0\" class=\"widget_text so-panel widget widget_custom_html panel-first-child panel-last-child\" data-index=\"0\" ><div class=\"textwidget custom-html-widget\"><font color=\"#777777\"><br>\n<p align=\"justify\" >\nEn Valvparts ofrecemos el Servicio de Entrega Oportuna de los repuestos que hayan adquirido, en el lugar que lo soliciten y con la confianza, seguridad y calidad que se merece.\n<\/p>\n<p align=\"justify\">\nPara este efecto contamos con modernas unidades conducidas por personal altamente capacitado, no s\u00f3lo en la conducci\u00f3n de los veh\u00edculos sino tambi\u00e9n en el embalaje y despacho de los pedidos, quienes realizar\u00e1n la entrega de los mismos con toda la documentaci\u00f3n que exige la ley.\n<\/p>\n<p align=\"justify\">\nNuestro Personal de Ventas est\u00e1 preparado para servir al cliente con una atenci\u00f3n personalizada, cuyo objetivo principal es la satisfacci\u00f3n de sus requerimientos en el menor tiempo posible, utilizando no s\u00f3lo sus conocimientos comerciales, sino tambi\u00e9n, interactuando con nuestros sistemas inform\u00e1ticos de \u00faltima generaci\u00f3n, que permiten realizar las fases de recepci\u00f3n del pedido, cotizaci\u00f3n, facturaci\u00f3n, gu\u00eda de remisi\u00f3n y b\u00fasqueda del repuesto en forma inmediata. De tal manera que las expectativas que nuestros clientes se hayan trazado en la programaci\u00f3n diaria de las operaciones de sus negocios, no se vean comprometidas por demoras innecesarias de tiempo en los procesos administrativos o en la obtenci\u00f3n de las partes faltantes de sus pedidos.\t\n\t<\/p><\/font><\/div><\/div><\/div><div id=\"pgc-477-0-1\"  class=\"panel-grid-cell\" ><div id=\"panel-477-0-1-0\" class=\"widget_text so-panel widget widget_custom_html panel-first-child panel-last-child\" data-index=\"1\" ><h3 class=\"widget-title\">Caracter\u00edsticas:<\/h3><div class=\"textwidget custom-html-widget\"><font color=\"#777777\">\n<p><li>Delivery de Repuestos Gratuito.\n\t<\/li><\/p>\n<p>\n<li>Atenci\u00f3n Personalizada.\n\t<\/li><\/p>\n<p>\n<li>Asistencia T\u00e9cnica en Adquisici\u00f3n de Repuestos y Maquinaria Pesada (VCE).\n\t<\/li><\/p>\n<p>\n\t<li>Alta Tecnolog\u00eda a su Servicio.\n\t<\/li><\/p>\n<\/font><\/div><\/div><\/div><\/div><div id=\"pg-477-1\"  class=\"panel-grid panel-has-style\" ><div class=\"panel-row-style panel-row-style-for-477-1\" ><div id=\"pgc-477-1-0\"  class=\"panel-grid-cell\" ><div id=\"panel-477-1-0-0\" class=\"so-panel widget widget_themegrill_flash_service tg-widget tg-single-service panel-first-child\" data-index=\"2\" >\n<div class=\"tg-service-widget tg-service-layout-1\">\n\t<div class=\"service-wrapper\">\n\t\t<div class=\"service-icon-title-wrapper clearfix\">\n\t\t\t\t\t\t<div class=\"service-icon-wrap\"><i class=\"fa fa-mortar-board\"><\/i><\/div>\n\t\t\t\t\t\t\t\t\t\t\t\t<h3 class=\"service-title-wrap\">\n\t\t\t\tProfesionales a su Servicio\t\t\t\t\t\t\t<\/h3>\n\t\t\t\t\t<\/div>\n\t\t\t\t<div class=\"service-content-wrap\">Nuestro equipo humano est\u00e1 compuesto por Profesionales con conocimiento, experiencia, y vocaci\u00f3n de servicio dispuestos a atenderlo.<\/div>\n\t\t\t\t\t<\/div>\n<\/div>\n<\/div><div id=\"panel-477-1-0-1\" class=\"so-panel widget widget_themegrill_flash_service tg-widget tg-single-service panel-last-child\" data-index=\"3\" >\n<div class=\"tg-service-widget tg-service-layout-1\">\n\t<div class=\"service-wrapper\">\n\t\t<div class=\"service-icon-title-wrapper clearfix\">\n\t\t\t\t\t\t<div class=\"service-icon-wrap\"><i class=\"fa fa-thumbs-up\"><\/i><\/div>\n\t\t\t\t\t\t\t\t\t\t\t\t<h3 class=\"service-title-wrap\">\n\t\t\t\tSello de VALVPARTS\t\t\t\t\t\t\t<\/h3>\n\t\t\t\t\t<\/div>\n\t\t\t\t<div class=\"service-content-wrap\">Tenga la seguridad y confianza de recibir la mejor atenci\u00f3n y servicio \u2013 el sello oficial VALVPARTS - en todo momento.<\/div>\n\t\t\t\t\t<\/div>\n<\/div>\n<\/div><\/div><div id=\"pgc-477-1-1\"  class=\"panel-grid-cell\" ><div id=\"panel-477-1-1-0\" class=\"so-panel widget widget_themegrill_flash_service tg-widget tg-single-service panel-first-child\" data-index=\"4\" >\n<div class=\"tg-service-widget tg-service-layout-1\">\n\t<div class=\"service-wrapper\">\n\t\t<div class=\"service-icon-title-wrapper clearfix\">\n\t\t\t\t\t\t<div class=\"service-icon-wrap\"><i class=\"fa fa-wechat\"><\/i><\/div>\n\t\t\t\t\t\t\t\t\t\t\t\t<h3 class=\"service-title-wrap\">\n\t\t\t\tFormas de Contacto\t\t\t\t\t\t\t<\/h3>\n\t\t\t\t\t<\/div>\n\t\t\t\t<div class=\"service-content-wrap\">Nos puede contactar desde cualquier lugar y utilizando diferentes medios de comunicaci\u00f3n (Telefon\u00eda Fija, Celular, Internet) .<\/div>\n\t\t\t\t\t<\/div>\n<\/div>\n<\/div><div id=\"panel-477-1-1-1\" class=\"so-panel widget widget_themegrill_flash_service tg-widget tg-single-service panel-last-child\" data-index=\"5\" >\n<div class=\"tg-service-widget tg-service-layout-1\">\n\t<div class=\"service-wrapper\">\n\t\t<div class=\"service-icon-title-wrapper clearfix\">\n\t\t\t\t\t\t<div class=\"service-icon-wrap\"><i class=\"fa fa-book\"><\/i><\/div>\n\t\t\t\t\t\t\t\t\t\t\t\t<h3 class=\"service-title-wrap\">\n\t\t\t\tCat\u00e1logos Actualizados\t\t\t\t\t\t\t<\/h3>\n\t\t\t\t\t<\/div>\n\t\t\t\t<div class=\"service-content-wrap\">Contamos con herramientas electr\u00f3nicas de consulta actualizadas que nos permiten atenderlo con la rapidez y exactitud que necesita.<\/div>\n\t\t\t\t\t<\/div>\n<\/div>\n<\/div><\/div><div id=\"pgc-477-1-2\"  class=\"panel-grid-cell\" ><div id=\"panel-477-1-2-0\" class=\"so-panel widget widget_themegrill_flash_service tg-widget tg-single-service panel-first-child\" data-index=\"6\" >\n<div class=\"tg-service-widget tg-service-layout-1\">\n\t<div class=\"service-wrapper\">\n\t\t<div class=\"service-icon-title-wrapper clearfix\">\n\t\t\t\t\t\t<div class=\"service-icon-wrap\"><i class=\"fa fa-car\"><\/i><\/div>\n\t\t\t\t\t\t\t\t\t\t\t\t<h3 class=\"service-title-wrap\">\n\t\t\t\tEntrega Puntual y Oportuna\t\t\t\t\t\t\t<\/h3>\n\t\t\t\t\t<\/div>\n\t\t\t\t<div class=\"service-content-wrap\">Nuestras modernas unidades y variedad de repuestos nos permite ofrecerle un Servicio de Delivery \u00e1gil, puntual y oportuno donde lo requiera.<\/div>\n\t\t\t\t\t<\/div>\n<\/div>\n<\/div><div id=\"panel-477-1-2-1\" class=\"so-panel widget widget_themegrill_flash_service tg-widget tg-single-service panel-last-child\" data-index=\"7\" >\n<div class=\"tg-service-widget tg-service-layout-1\">\n\t<div class=\"service-wrapper\">\n\t\t<div class=\"service-icon-title-wrapper clearfix\">\n\t\t\t\t\t\t<div class=\"service-icon-wrap\"><i class=\"fa fa-shield\"><\/i><\/div>\n\t\t\t\t\t\t\t\t\t\t\t\t<h3 class=\"service-title-wrap\">\n\t\t\t\tSeguridad, Calidad y Garant\u00eda\t\t\t\t\t\t\t<\/h3>\n\t\t\t\t\t<\/div>\n\t\t\t\t<div class=\"service-content-wrap\">Todos nuestros servicios comparten un mismo objetivo: Incrementar de manera importante la operatividad de sus unidades.<\/div>\n\t\t\t\t\t<\/div>\n<\/div>\n<\/div><\/div><\/div><\/div><\/div>","protected":false},"excerpt":{"rendered":"<p>En Valvparts ofrecemos el Servicio de Entrega Oportuna de los repuestos que hayan adquirido, en el lugar que lo soliciten [&hellip;]<\/p>\n","protected":false},"author":1,"featured_media":0,"parent":0,"menu_order":0,"comment_status":"closed","ping_status":"closed","template":"","meta":{"footnotes":""},"class_list":["post-477","page","type-page","status-publish","hentry"],"_links":{"self":[{"href":"https:\/\/valvparts.com\/wpmocha\/wp-json\/wp\/v2\/pages\/477"}],"collection":[{"href":"https:\/\/valvparts.com\/wpmocha\/wp-json\/wp\/v2\/pages"}],"about":[{"href":"https:\/\/valvparts.com\/wpmocha\/wp-json\/wp\/v2\/types\/page"}],"author":[{"embeddable":true,"href":"https:\/\/valvparts.com\/wpmocha\/wp-json\/wp\/v2\/users\/1"}],"replies":[{"embeddable":true,"href":"https:\/\/valvparts.com\/wpmocha\/wp-json\/wp\/v2\/comments?post=477"}],"version-history":[{"count":50,"href":"https:\/\/valvparts.com\/wpmocha\/wp-json\/wp\/v2\/pages\/477\/revisions"}],"predecessor-version":[{"id":686,"href":"https:\/\/valvparts.com\/wpmocha\/wp-json\/wp\/v2\/pages\/477\/revisions\/686"}],"wp:attachment":[{"href":"https:\/\/valvparts.com\/wpmocha\/wp-json\/wp\/v2\/media?parent=477"}],"curies":[{"name":"wp","href":"https:\/\/api.w.org\/{rel}","templated":true}]}}